s the ten thousands digit of 2646647662?
4
What is the hundred thousands digit of 101115702?
1
What is the units digit of 15747485?
5
What is the hundred thousands digit of 47905432?
9
What is the hundred millions digit of 1473538056?
4
What is the ten millions digit of 714948208?
1
What is the hundred millions digit of 905643522?
9
What is the ten thousands digit of 149961150?
6
What is the units digit of 553279841?
1
What is the hundreds digit of 82772618?
6
What is the hundreds digit of 947395353?
3
What is the hundred thousands digit of 74688978?
6
What is the millions digit of 52206150?
2
What is the thousands digit of 453489079?
9
What is the tens digit of 745056583?
8
What is the units digit of 232146811?
1
What is the hundred millions digit of 7585790233?
5
What is the units digit of 52666959?
9
What is the units digit of 56848311?
1
What is the ten thousands digit of 249028194?
2
What is the hundred millions digit of 132847642?
1
What is the hundreds digit of 359919562?
5
What is the units digit of 2740774?
4
What is the millions digit of 3303888826?
3
What is the hundred thousands digit of 43272690?
2
What is the thousands digit of 690083547?
3
What is the tens digit of 704519119?
1
What is the ten millions digit of 76512271?
7
What is the thousands digit of 2019378?
9
What is the hundreds digit of 43168819?
8
What is the ten thousands digit of 4475615?
7
What is the ten thousands digit of 2260414180?
1
What is the hundred millions digit of 1765009450?
7
What is the ten thousands digit of 186759931?
5
What is the tens digit of 68120230?
3
What is the thousands digit of 5167865454?
5
What is the tens digit of 8294094?
9
What is the hundred thousands digit of 16892439?
8
What is the hundred millions digit of 1068664665?
0
What is the ten millions digit of 2137287669?
3
What is the units digit of 1919511525?
5
What is the units digit of 6591673946?
6
What is the billions digit of 1644057570?
1
What is the ten millions digit of 73887899?
7
What is the millions digit of 4180471366?
0
What is the hundred thousands digit of 341437369?
4
What is the ten thousands digit of 1481915876?
1
What is the hundreds digit of 8415887178?
1
What is the hundred thousands digit of 741628857?
6
What is the millions digit of 2183313?
2
What is the ten thousands digit of 31044459?
4
What is the units digit of 866557607?
7
What is the hundred millions digit of 883636015?
8
What is the ten millions digit of 234266358?
3
What is the tens digit of 201810651?
5
What is the millions digit of 318777837?
8
What is the ten millions digit of 62768745?
6
What is the hundred millions digit of 2706006184?
7
What is the units digit of 887329239?
9
What is the ten thousands digit of 22407778?
0
What is the thousands digit of 2109475135?
5
What is the hundred thousands digit of 1562420220?
4
What is the billions digit of 6446532546?
6
What is the tens digit of 148565494?
9
What is the ten thousands digit of 1021654102?
5
What is the units digit of 2822861320?
0
What is the hundred millions digit of 320688802?
3
What is the hundred millions digit of 101250154?
1
What is the ten thousands digit of 3514386493?
8
What is the thousands digit of 569345249?
5
What is the ten thousands digit of 186299364?
9
What is the hundred thousands digit of 29101748?
1
What is the thousands digit of 855473842?
3
What is the hundred thousands digit of 900613?
9
What is the millions digit of 332574983?
2
What is the thousands digit of 3116181414?
1
What is the hundreds digit of 115884615?
6
What is the ten thousands digit of 1251440355?
4
What is the thousands digit of 5594960776?
0
What is the units digit of 720556918?
8
What is the hundred thousands digit of 394196850?
1
What is the ten millions digit of 797600363?
9
What is the thousands digit of 171590558?
0
What is the tens digit of 261345876?
7
What is the hundred millions digit of 586218468?
5
What is the hundred millions digit of 217472310?
2
What is the ten thousands digit of 28144160?
4
What is the hundreds digit of 1846624816?
8
What is the ten thousands digit of 5213941362?
4
What is the hundreds digit of 39090534?
5
What is the hundred thousands digit of 108186?
1
What is the tens digit of 352962005?
0
What is the hundred thousands digit of 5925655052?
6
What is the tens digit of 82035498?
9
What is the hundreds digit of 31342865?
8
What is the ten thousands digit of 6135812?
3
What is the ten millions digit of 102508599?
0
What is the units digit of 8536115?
5
What is the hundred thousands digit of 92818086?
8
What is the millions digit of 156452995?
6
What is the hundreds digit of 23753510?
5
What is the tens digit of 2981976040?
4
What is the hundreds digit of 229463182?
1
What is the hundred millions digit of 3871303453?
8
What is the hundred thousands digit of 62129102?
1
What is the thousands digit of 59380152?
0
What is the hundred thousands digit of 2370037336?
0
What is the tens digit of 16264621?
2
What is the tens digit of 64058582?
8
What is the billions digit of 1125561852?
1
What is the millions digit of 2006543776?
6
What is the ten millions digit of 507000663?
0
What is the hundred millions digit of 415926794?
4
What is the millions digit of 858849399?
8
What is the tens digit of 102774514?
1
What is the hundred thousands digit of 2017927741?
9
What is the units digit of 185365242?
2
What is the thousands digit of 1002621515?
1
What is the hundreds digit of 430128694?
6
What is the units digit of 4376404215?
5
What is the thousands digit of 787985710?
5
What is the hundreds digit of 62537845?
8
What is the ten thousands digit of 69275792?
7
What is the ten thousands digit of 6339958859?
5
What is the millions digit of 6911596067?
1
What is the ten thousands digit of 4709758523?
5
What is the ten thousands digit of 111927817?
2
What is the hundred millions digit of 203223143?
2
What is the millions digit of 384830273?
4
What is the tens digit of 1011185255?
5
What is the thousands digit of 3719379226?
9
What is the billions digit of 1072786042?
1
What is the ten thousands digit of 604833498?
3
What is the hundreds digit of 443394111?
1
What is the millions digit of 92076395?
2
What is the hundred thousands digit of 1132569618?
5
What is the hundred thousands digit of 3558437102?
4
What is the ten millions digit of 983795317?
8
What is the thousands digit of 291454977?
4
What is the ten thousands digit of 935112568?
1
What is the hundred millions digit of 419080419?
4
What is the millions digit of 254120870?
4
What is the tens digit of 82613860?
6
What is the millions digit of 146064085?
6
What is the thousands digit of 148229494?
9
What is the tens digit of 9774775?
7
What is the tens digit of 233038795?
9
What is the hundreds digit of 6508192?
1
What is the hundred millions digit of 165602020?
1
What is the hundred thousands digit of 20050268?
0
What is the ten thousands digit of 271691978?
9
What is the millions digit of 422849503?
2
What is the hundred thousands digit of 55876496?
8
What is the thousands digit of 67405895?
5
What is the tens digit of 1151138715?
1
What is the millions digit of 6797956?
6
What is the ten millions digit of 2694060511?
9
What is the hundred millions digit of 692478076?
6
What is the ten thousands digit of 499754928?
5
What is the hundred thousands digit of 189452879?
4
What is the hundred millions digit of 8681234051?
6
What is the millions digit of 1019246614?
9
What is the thousands digit of 110938093?
8
What is the thousands digit of 4601421?
1
What is the hundred thousands digit of 376532512?
5
What is the hundred thousands digit of 2941620971?
6
What is the hundred millions digit of 8339327516?
3
What is the thousands digit of 4914432?
4
What is the millions digit of 158437935?
8
What is the ten thousands digit of 2792793614?
9
What is the ten millions digit of 474989261?
7
What is the hundred thousands digit of 3010147982?
1
What is the billions digit of 1860926539?
1
What is the hundreds digit of 24082949?
9
What is the ten millions digit of 779168182?
7
What is the tens digit of 157933161?
6
What is the thousands digit of 487089159?
9
What is the ten thousands digit of 202855807?
5
What is the hundred thousands digit of 226539264?
5
What is the ten millions digit of 40145